{"id":430,"date":"2022-09-02T21:49:47","date_gmt":"2022-09-02T19:49:47","guid":{"rendered":"https:\/\/fr.geoguy.org\/ebooks\/?post_type=product&#038;p=430"},"modified":"2023-05-13T08:26:13","modified_gmt":"2023-05-13T06:26:13","slug":"pdf-guide-pratique-de-leapfrog-geo","status":"publish","type":"product","link":"https:\/\/fr.geoguy.org\/ebooks\/produit\/pdf-guide-pratique-de-leapfrog-geo\/","title":{"rendered":"PDF Guide pratique de Leapfrog geo"},"content":{"rendered":"<p><strong>Leapfrog geo<\/strong>\u00a0est l\u2019un de meilleurs logiciels de mine. Car il est \u00e0 la fois simple, facile \u00e0 utiliser et intervient sur presque\u00a0toutes les taches du projets miniers.<\/p>\n<p>Il vous permet \u00e0 la fois de faire la\u00a0<strong>mod\u00e9lisation g\u00e9ologique<\/strong>, l\u2019<strong>estimation de ressources<\/strong>, la\u00a0<strong>cartographie mini\u00e8re<\/strong>.<\/p>\n<p>Si vous \u00eates ing\u00e9nieur de mine, g\u00e9ologue ou si vous voulez simplement acqu\u00e9rir une\u00a0<strong>nouvelle comp\u00e9tence<\/strong>\u00a0\u00e0 faire valoir en mine, Maitriser\u00a0 Leapfrog geo est certainement l\u2019une de meilleure chose que vous puissiez faire dans votre vie.<\/p>\n<p>Que vous soyez d\u00e9butant ou expert,\u00a0<strong>\u00a0Ce livre Guide pratique de Leapfrog geo<\/strong>\u00a0se r\u00e9v\u00e8lera comme un v\u00e9ritable\u00a0<strong>guide pratique<\/strong>\u00a0pour vous. Il vous enseignera \u00e9tape par \u00e9tape comment r\u00e9aliser les taches importante d\u2019un projet minier.<\/p>\n<p>Image en appui, avec des indications de fl\u00e8ches sur les images ; tout est \u00e9labor\u00e9 dans le but de rendre votre apprentissage\u00a0<strong>simple et rapide<\/strong>.<\/p>\n","protected":false},"excerpt":{"rendered":"<p>Ce livre Guide pratique de Leapfrog geo\u00a0vous enseignera \u00e9tape par \u00e9tape comment r\u00e9aliser les taches importante d\u2019un projet minier.<\/p>\n<ul class=\"elementor-icon-list-items\">\n<li class=\"elementor-icon-list-item\"><span class=\"elementor-icon-list-text\">Titre: Guide pratique de Leapfrog geo<\/span><\/li>\n<li class=\"elementor-icon-list-item\"><i class=\"fas fa-check\" aria-hidden=\"true\"><\/i><span class=\"elementor-icon-list-text\">Taille: 24 Mo<\/span><\/li>\n<li class=\"elementor-icon-list-item\"><i class=\"fas fa-check\" aria-hidden=\"true\"><\/i><span class=\"elementor-icon-list-text\">Nombre de page: 174<\/span><\/li>\n<li class=\"elementor-icon-list-item\"><i class=\"fas fa-check\" aria-hidden=\"true\"><\/i><span class=\"elementor-icon-list-text\">Auteur: Geoguys<\/span><\/li>\n<li class=\"elementor-icon-list-item\"><i class=\"fas fa-check\" aria-hidden=\"true\"><\/i><span class=\"elementor-icon-list-text\">Date de publication: 15 Avril 2022<\/span><\/li>\n<\/ul>\n","protected":false},"featured_media":534,"comment_status":"open","ping_status":"closed","template":"","meta":{"_monsterinsights_skip_tracking":false,"_monsterinsights_sitenote_active":false,"_monsterinsights_sitenote_note":"","_monsterinsights_sitenote_category":0},"product_cat":[83,81,82],"product_tag":[89,92,94,88,85,93,84,90,87,86,91],"aioseo_notices":[],"_links":{"self":[{"href":"https:\/\/fr.geoguy.org\/ebooks\/wp-json\/wp\/v2\/product\/430"}],"collection":[{"href":"https:\/\/fr.geoguy.org\/ebooks\/wp-json\/wp\/v2\/product"}],"about":[{"href":"https:\/\/fr.geoguy.org\/ebooks\/wp-json\/wp\/v2\/types\/product"}],"replies":[{"embeddable":true,"href":"https:\/\/fr.geoguy.org\/ebooks\/wp-json\/wp\/v2\/comments?post=430"}],"wp:featuredmedia":[{"embeddable":true,"href":"https:\/\/fr.geoguy.org\/ebooks\/wp-json\/wp\/v2\/media\/534"}],"wp:attachment":[{"href":"https:\/\/fr.geoguy.org\/ebooks\/wp-json\/wp\/v2\/media?parent=430"}],"wp:term":[{"taxonomy":"product_cat","embeddable":true,"href":"https:\/\/fr.geoguy.org\/ebooks\/wp-json\/wp\/v2\/product_cat?post=430"},{"taxonomy":"product_tag","embeddable":true,"href":"https:\/\/fr.geoguy.org\/ebooks\/wp-json\/wp\/v2\/product_tag?post=430"}],"curies":[{"name":"wp","href":"https:\/\/api.w.org\/{rel}","templated":true}]}}