{"id":467,"date":"2022-09-02T23:14:23","date_gmt":"2022-09-02T21:14:23","guid":{"rendered":"https:\/\/fr.geoguy.org\/ebooks\/?post_type=product&#038;p=467"},"modified":"2023-05-13T13:39:34","modified_gmt":"2023-05-13T11:39:34","slug":"pdf-arcgis-dans-ma-poche-guide-en-cartographie-et-sig","status":"publish","type":"product","link":"https:\/\/fr.geoguy.org\/ebooks\/produit\/pdf-arcgis-dans-ma-poche-guide-en-cartographie-et-sig\/","title":{"rendered":"Pdf Arcgis dans ma poche: Guide en cartographie et SIG"},"content":{"rendered":"<p><strong>ArcGIS<\/strong>\u00a0est l\u2019un de puissant logiciel de\u00a0<strong>cartographie\u00a0g\u00e9ospatiale<\/strong>. Le maitriser <strong>Pdf Arcgis cartographie SIG<\/strong>, c\u2019est avoir sur soi une <strong>clef<\/strong>\u00a0qui vous permettra de travailler en polyvalent sur divers domaines de la vie.<\/p>\n<p>Ce livre va tout vous apprendre pas \u00e0 pas, \u00e0 faire :<\/p>\n<ul>\n<li>l&rsquo;importation d&rsquo;une grille de coordonn\u00e9es XYZ \u00e0 la cr\u00e9ation de toutes sortes de cartes,<\/li>\n<li>la digitalisation,<\/li>\n<li>le g\u00e9or\u00e9f\u00e9rencement,<\/li>\n<li>la transformation et extraction de coordonn\u00e9es g\u00e9ographiques (longitude, latitude et altitude),<\/li>\n<li>la d\u00e9limitation d\u2019un bassin versant,<\/li>\n<li>l\u2019extraction de r\u00e9seau hydrographique,<\/li>\n<li>le t\u00e9l\u00e9chargement gratuit des cartes du monde,<\/li>\n<li>la mise en page de carte<\/li>\n<\/ul>\n","protected":false},"excerpt":{"rendered":"<p>Ce livre Pdf Arcgis dans ma poche: Guide en cartographie et SIG vous permettra de maitriser la cartographie num\u00e9rique et Sig.<\/p>\n<ul class=\"elementor-icon-list-items\">\n<li class=\"elementor-icon-list-item\"><span class=\"elementor-icon-list-text\">Titre: ARCGIS DANS MA POCHE<\/span><\/li>\n<li class=\"elementor-icon-list-item\"><i class=\"fas fa-check\" aria-hidden=\"true\"><\/i><span class=\"elementor-icon-list-text\">Taille: 23.3 Mo<\/span><\/li>\n<li class=\"elementor-icon-list-item\"><i class=\"fas fa-check\" aria-hidden=\"true\"><\/i><span class=\"elementor-icon-list-text\">Nombre de page: 265<\/span><\/li>\n<li class=\"elementor-icon-list-item\"><i class=\"fas fa-check\" aria-hidden=\"true\"><\/i><span class=\"elementor-icon-list-text\">Auteur: Geoguys<\/span><\/li>\n<li class=\"elementor-icon-list-item\"><i class=\"fas fa-check\" aria-hidden=\"true\"><\/i><span class=\"elementor-icon-list-text\">Date de publication: 22 Mars 2022<\/span><\/li>\n<\/ul>\n","protected":false},"featured_media":539,"comment_status":"open","ping_status":"closed","template":"","meta":{"_monsterinsights_skip_tracking":false,"_monsterinsights_sitenote_active":false,"_monsterinsights_sitenote_note":"","_monsterinsights_sitenote_category":0},"product_cat":[95,96],"product_tag":[102,103,106,99,110,111,97,108,187,85,107,109,191,100,101,98,195,189,190,188,186,193,192,194,104,105],"aioseo_notices":[],"_links":{"self":[{"href":"https:\/\/fr.geoguy.org\/ebooks\/wp-json\/wp\/v2\/product\/467"}],"collection":[{"href":"https:\/\/fr.geoguy.org\/ebooks\/wp-json\/wp\/v2\/product"}],"about":[{"href":"https:\/\/fr.geoguy.org\/ebooks\/wp-json\/wp\/v2\/types\/product"}],"replies":[{"embeddable":true,"href":"https:\/\/fr.geoguy.org\/ebooks\/wp-json\/wp\/v2\/comments?post=467"}],"wp:featuredmedia":[{"embeddable":true,"href":"https:\/\/fr.geoguy.org\/ebooks\/wp-json\/wp\/v2\/media\/539"}],"wp:attachment":[{"href":"https:\/\/fr.geoguy.org\/ebooks\/wp-json\/wp\/v2\/media?parent=467"}],"wp:term":[{"taxonomy":"product_cat","embeddable":true,"href":"https:\/\/fr.geoguy.org\/ebooks\/wp-json\/wp\/v2\/product_cat?post=467"},{"taxonomy":"product_tag","embeddable":true,"href":"https:\/\/fr.geoguy.org\/ebooks\/wp-json\/wp\/v2\/product_tag?post=467"}],"curies":[{"name":"wp","href":"https:\/\/api.w.org\/{rel}","templated":true}]}}