{"id":472,"date":"2022-09-04T06:35:26","date_gmt":"2022-09-04T04:35:26","guid":{"rendered":"https:\/\/fr.geoguy.org\/ebooks\/?post_type=product&#038;p=472"},"modified":"2023-05-13T08:46:28","modified_gmt":"2023-05-13T06:46:28","slug":"pdf-apprendre-golden-surfer-guide-en-cartographie-sig","status":"publish","type":"product","link":"https:\/\/fr.geoguy.org\/ebooks\/produit\/pdf-apprendre-golden-surfer-guide-en-cartographie-sig\/","title":{"rendered":"Pdf Apprendre Golden Surfer, Guide en cartographie &#038; SIG"},"content":{"rendered":"<p>Aimeriez-vous avoir un manuel d&rsquo;apprentissage de Surfer<strong>\u00a0en Fran\u00e7ais<\/strong>. Les quelques rares livres que vous trouverez sur la toile soit en anglais soit pas assez facile \u00e0 utiliser.<\/p>\n<p>Ce livre pdf par contre est fait pour vous. Il vous permettra de maitriser rapidement ce logiciel de cartographie, parce qu&rsquo;il est \u00e9crit sous-forme d&rsquo;un guide, avec images et fl\u00e8ches indiqu\u00e9es dessus pour vous montrer pas \u00e0 pas comment r\u00e9aliser les divers taches en cartographie et Sig.<\/p>\n<p>Vous y apprendrez:<\/p>\n<ul>\n<li>Comment cr\u00e9er une carte \u00e0 partir d&rsquo;un fichier Excel XYZ importer dans Surfer<\/li>\n<li>Comment g\u00e9oreferencer et digitaliser une carte<\/li>\n<li>Comment transformer les coordonn\u00e9es d&rsquo;une carte et faire sa mise en forme<\/li>\n<li>Comme cr\u00e9er une carte 3D<\/li>\n<\/ul>\n","protected":false},"excerpt":{"rendered":"<p><strong>Meilleure formation Golden Surfer en PDF. Soyez guid\u00e9 pas \u00e0 pas jusqu\u2019\u00e0 la maitrise de la cartographie avec Surfer.<\/strong><\/p>\n<ul class=\"elementor-icon-list-items\">\n<li class=\"elementor-icon-list-item\"><span class=\"elementor-icon-list-text\">Titre: Apprendre Surfer.<\/span><\/li>\n<li class=\"elementor-icon-list-item\"><i class=\"fas fa-check\" aria-hidden=\"true\"><\/i><span class=\"elementor-icon-list-text\"><span class=\"elementor-icon-list-text\">Auteur: Guylain Katombe<\/span><\/span><\/li>\n<li class=\"elementor-icon-list-item\"><i class=\"fas fa-check\" aria-hidden=\"true\"><\/i><span class=\"elementor-icon-list-text\">Poids: 10,3 Mo<\/span><\/li>\n<li class=\"elementor-icon-list-item\"><i class=\"fas fa-check\" aria-hidden=\"true\"><\/i><span class=\"elementor-icon-list-text\">Nombre de pages: 130<\/span><\/li>\n<\/ul>\n","protected":false},"featured_media":536,"comment_status":"open","ping_status":"closed","template":"","meta":{"_monsterinsights_skip_tracking":false,"_monsterinsights_sitenote_active":false,"_monsterinsights_sitenote_note":"","_monsterinsights_sitenote_category":0},"product_cat":[95,125,124],"product_tag":[132,127,128,126,129,133,130,131,134],"aioseo_notices":[],"_links":{"self":[{"href":"https:\/\/fr.geoguy.org\/ebooks\/wp-json\/wp\/v2\/product\/472"}],"collection":[{"href":"https:\/\/fr.geoguy.org\/ebooks\/wp-json\/wp\/v2\/product"}],"about":[{"href":"https:\/\/fr.geoguy.org\/ebooks\/wp-json\/wp\/v2\/types\/product"}],"replies":[{"embeddable":true,"href":"https:\/\/fr.geoguy.org\/ebooks\/wp-json\/wp\/v2\/comments?post=472"}],"wp:featuredmedia":[{"embeddable":true,"href":"https:\/\/fr.geoguy.org\/ebooks\/wp-json\/wp\/v2\/media\/536"}],"wp:attachment":[{"href":"https:\/\/fr.geoguy.org\/ebooks\/wp-json\/wp\/v2\/media?parent=472"}],"wp:term":[{"taxonomy":"product_cat","embeddable":true,"href":"https:\/\/fr.geoguy.org\/ebooks\/wp-json\/wp\/v2\/product_cat?post=472"},{"taxonomy":"product_tag","embeddable":true,"href":"https:\/\/fr.geoguy.org\/ebooks\/wp-json\/wp\/v2\/product_tag?post=472"}],"curies":[{"name":"wp","href":"https:\/\/api.w.org\/{rel}","templated":true}]}}