{"id":13,"date":"2021-06-02T07:08:19","date_gmt":"2021-06-02T05:08:19","guid":{"rendered":"https:\/\/fr.geoguy.org\/premium\/compte-dadherent\/niveaux-dadhesion\/"},"modified":"2022-05-21T08:04:19","modified_gmt":"2022-05-21T06:04:19","slug":"niveaux-dadhesion","status":"publish","type":"page","link":"https:\/\/fr.geoguy.org\/premium\/compte-dadherent\/niveaux-dadhesion\/","title":{"rendered":"Niveaux d&#8217;adh\u00e9sion"},"content":{"rendered":"\n<div class=\"wp-block-columns\">\n<div class=\"wp-block-column\" style=\"flex-basis:66.66%\">\n<p class=\"has-medium-font-size\">Le contenu que vous essayez de consulter est r\u00e9serv\u00e9 aux abonn\u00e9(e)s <strong>Pr\u00e9mium<\/strong>.                                                                <\/p>\n\n\n\n<p class=\"has-medium-font-size\">Souscrivez \u00e0 cet abonnement pour avoir acc\u00e8s \u00e0 pr\u00e8s de <strong>15 de nos formations<\/strong>. T\u00e9l\u00e9charger gratuitement nos <strong>vid\u00e9os et fichiers<\/strong>.<\/p>\n<\/div>\n\n\n\n<div class=\"wp-block-column\" style=\"flex-basis:33.33%\">\n<p class=\"has-text-align-center\"><strong>Comment faire le paiement?<\/strong><\/p>\n\n\n\n<figure class=\"wp-block-embed is-type-video is-provider-vimeo wp-block-embed-vimeo wp-embed-aspect-16-9 wp-has-aspect-ratio\"><div class=\"wp-block-embed__wrapper\">\n<div class=\"fitvids-video\"><iframe loading=\"lazy\" title=\"Abonnement premium.mp4\" src=\"https:\/\/player.vimeo.com\/video\/599383847?h=f36f55446b&amp;dnt=1&amp;app_id=122963\" width=\"1200\" height=\"675\" frameborder=\"0\" allow=\"autoplay; fullscreen; picture-in-picture\" allowfullscreen><\/iframe><\/div>\n<\/div><\/figure>\n<\/div>\n<\/div>\n\n\n<p>[pmpro_levels]<\/p>\n","protected":false},"excerpt":{"rendered":"<p>Le contenu que vous essayez de consulter est r\u00e9serv\u00e9 aux abonn\u00e9(e)s Pr\u00e9mium. Souscrivez \u00e0 cet abonnement pour avoir acc\u00e8s \u00e0 pr\u00e8s de 15 de nos &hellip; <\/p>\n","protected":false},"author":1,"featured_media":0,"parent":7,"menu_order":0,"comment_status":"closed","ping_status":"closed","template":"elementor_header_footer","meta":{"pmpro_default_level":0,"_monsterinsights_skip_tracking":false,"_monsterinsights_sitenote_active":false,"_monsterinsights_sitenote_note":"","_monsterinsights_sitenote_category":0},"_links":{"self":[{"href":"https:\/\/fr.geoguy.org\/premium\/wp-json\/wp\/v2\/pages\/13"}],"collection":[{"href":"https:\/\/fr.geoguy.org\/premium\/wp-json\/wp\/v2\/pages"}],"about":[{"href":"https:\/\/fr.geoguy.org\/premium\/wp-json\/wp\/v2\/types\/page"}],"author":[{"embeddable":true,"href":"https:\/\/fr.geoguy.org\/premium\/wp-json\/wp\/v2\/users\/1"}],"replies":[{"embeddable":true,"href":"https:\/\/fr.geoguy.org\/premium\/wp-json\/wp\/v2\/comments?post=13"}],"version-history":[{"count":0,"href":"https:\/\/fr.geoguy.org\/premium\/wp-json\/wp\/v2\/pages\/13\/revisions"}],"up":[{"embeddable":true,"href":"https:\/\/fr.geoguy.org\/premium\/wp-json\/wp\/v2\/pages\/7"}],"wp:attachment":[{"href":"https:\/\/fr.geoguy.org\/premium\/wp-json\/wp\/v2\/media?parent=13"}],"curies":[{"name":"wp","href":"https:\/\/api.w.org\/{rel}","templated":true}]}}